28
In base 12, what is 102726 + -1?
102725
In base 7, what is -3 - 14415?
-14421
In base 14, what is -537c + 2d?
-534d
In base 10, what is 3597 - -41?
3638
In base 6, what is 1024242 + 2?
1024244
In base 12, what is 213526 + 1?
213527
In base 7, what is 20 + 44322?
44342
In base 5, what is -32122 - 1001?
-33123
In base 9, what is 1186845 + 2?
1186847
In base 8, what is -2 - -220021?
220017
In base 15, what is -7021 - -65?
-6eab
In base 2, what is -1101 - -11000111001001?
11000110111100
In base 11, what is 28 + 1a48?
1a75
In base 7, what is -21630 + 203?
-21424
In base 15, what is 3ab9b + -4?
3ab97
In base 14, what is 2 - 3d095?
-3d093
In base 4, what is -1 - -2021322300?
2021322233
In base 10, what is 191 + 47?
238
In base 5, what is 3104130 - 4?
3104121
In base 7, what is -1455 + 32?
-1423
In base 10, what is 132 - -258?
390
In base 11, what is 4 + -aa80?
-aa77
In base 7, what is -30 - -13061?
13031
In base 3, what is 20202010 - -2?
20202012
In base 8, what is 323 - 511?
-166
In base 7, what is 110 - 1230?
-1120
In base 3, what is -11211201121 - 21?
-11211201212
In base 4, what is 22323312 - 10?
22323302
In base 9, what is 0 - 37584?
-37584
In base 11, what is -3 - 13781?
-13784
In base 12, what is 29 - -138?
165
In base 3, what is 101102 - -11020201?
11122010
In base 7, what is 2 - -4430065?
4430100
In base 15, what is -562 - 3d0?
-942
In base 9, what is -8 + -11144?
-11153
In base 3, what is -121011112 + 1201?
-121002211
In base 4, what is -110120 - -2133?
-101321
In base 2, what is 11 - -110100101111100110?
110100101111101001
In base 12, what is 0 - -3aa3?
3aa3
In base 4, what is -133321023 + 2?
-133321021
In base 10, what is 25 - 26012?
-25987
In base 8, what is -40641 - -5?
-40634
In base 5, what is -3323 - -2304?
-1014
In base 11, what is -37 - 522?
-559
In base 13, what is -4a7a82 + 5?
-4a7a7a
In base 14, what is 21b842 + 0?
21b842
In base 8, what is -3 + -15515?
-15520
In base 6, what is 4 + 15215041?
15215045
In base 16, what is -f1c + 12?
-f0a
In base 11, what is -193 + -635?
-818
In base 13, what is -3 - -4340?
433a
In base 15, what is -c - 7be2?
-7bee
In base 10, what is 985 + -1498?
-513
In base 4, what is -1 - 31012330?
-31012331
In base 14, what is 24097 - 3?
24094
In base 15, what is -39506 - 4?
-3950a
In base 4, what is -10 + -10121111320?
-10121111330
In base 16, what is 5 + -3021?
-301c
In base 12, what is 799 - -283?
a60
In base 15, what is 2a7 + 85d?
b15
In base 7, what is 4 - 165535?
-165531
In base 6, what is -32 + 1532111?
1532035
In base 11, what is 68a5 + -15?
6890
In base 5, what is 10 + -1212?
-1202
In base 3, what is -2 + 11020?
11011
In base 8, what is 35 - 14505?
-14450
In base 9, what is 21 - -13351?
13372
In base 3, what is -101111 - 1210201?
-2012012
In base 12, what is -a2 + -2919?
-29bb
In base 9, what is -10761 + -138?
-11010
In base 14, what is -3 - -d07dc?
d07d9
In base 3, what is -20022 - 0?
-20022
In base 9, what is 188 + -18?
170
In base 2, what is 11010001110001010100010 - -10?
11010001110001010100100
In base 15, what is 5 - 562a0?
-5629a
In base 5, what is -102 - -1323?
1221
In base 7, what is -552345 - 3?
-552351
In base 8, what is -306 - -4245?
3737
In base 10, what is 3 + -4315?
-4312
In base 4, what is -111301 + 2011?
-103230
In base 6, what is -143 + 40320?
40133
In base 16, what is -ca + 24?
-a6
In base 5, what is 4411 - -11?
4422
In base 3, what is -210110100000 - -12?
-210110022211
In base 14, what is -2d96d + 4?
-2d969
In base 15, what is 6833 + -12?
6821
In base 13, what is -98 + 13c2?
1327
In base 14, what is c221 + 0?
c221
In base 10, what is -8240 - -60?
-8180
In base 7, what is 512550 - -3?
512553
In base 5, what is -100200 + 10?
-100140
In base 4, what is 10031302000 + 10?
10031302010
In base 7, what is -36320 - -3?
-36314
In base 13, what is 0 - 5b39?
-5b39
In base 12, what is 2090 - 192?
1aba
In base 15, what is 7 - -10794?
1079b
In base 7, what is -1033264 + -12?
-1033306
In base 7, what is -2441630 + 10?
-2441620
In base 4, what is 1123101 + -123?
1122312
In base 15, what is -1aada + 2?
-1aad8
In base 15, what is 4 + 14e03?
14e07
In base 7, what is 4 - -13133446?
13133453
In base 13, what is -1 + -63c2c?
-63c30
In base 6, what is -102104 + 2111?
-55553
In base 2, what is -1011101010000110 - -100?
-1011101010000010
In base 14, what is c + -29b0?
-29a2
In base 2, what is 11 - 1011110110001110011?
-1011110110001110000
In base 9, what is 56 - -1347?
1414
In base 8, what is -43 - 2307?
-2352
In base 10, what is -561037 + -2?
-561039
In base 15, what is 10e - -ba4?
cb3
In base 3, what is -21022011021 - -12?
-21022011002
In base 10, what is 31 - -238?
269
In base 16, what is -54f + 21f?
-330
In base 16, what is 5dc - -52?
62e
In base 11, what is -1 - -3546?
3545
In base 7, what is 264 - 1102?
-505
In base 16, what is -1 - 35832?
-35833
In base 8, what is -1 + 57075?
57074
In base 11, what is -57 + 15a1?
1545
In base 13, what is 5 + -1002bc?
-1002b7
In base 16, what is 4 + 6364?
6368
In base 15, what is -3b2 + -327?
-6d9
In base 12, what is -32 - 11119?
-1114b
In base 4, what is -312100 + -101?
-312201
In base 13, what is -85014 - 5?
-85019
In base 3, what is -11 - -1012200210?
1012200122
In base 16, what is -8 + -11b3?
-11bb
In base 7, what is 2614 + 16543?
22460
In base 2, what is 10110101000 + 1101010?
11000010010
In base 5, what is 0 + 24022030?
24022030
In base 7, what is -6 + -1421246?
-1421255
In base 3, what is -10212211000 + 11?
-10212210212
In base 4, what is 111 - -3030?
3201
In base 10, what is 1992 - 6?
1986
In base 3, what is -22 + -20200102102?
-20200102201
In base 11, what is -16a5 + 480?
-1225
In base 14, what is 36079 + -5?
36074
In base 12, what is 21 + 4a9?
50a
In base 15, what is -9 + 585b?
5852
In base 16, what is 1147 - 4a?
10fd
In base 8, what is 417256 + 6?
417264
In base 6, what is -2550504 + -1?
-2550505
In base 8, what is -17 - -26200?
26161
In base 2, what is -111100 + -1010111000100100?
-1010111001100000
In base 10, what is -381 - -160?
-221
In base 12, what is 59 - 740?
-6a3
In base 11, what is -59 + 564?
506
In base 11, what is 27264 - -3?
27267
In base 2, what is 11 + 10011101010000?
10011101010011
In base 14, what is -6 - 20c5?
-20cb
In base 8, what is -2047245 + 0?
-2047245
In base 9, what is -4348 + -13?
-4362
In base 8, what is -517 + 25?
-472
In base 6, what is 3212 - 100432?
-53220
In base 4, what is -10300022 + -1?
-10300023
In base 16, what is 1550 - -16d?
16bd
In base 2, what is -10 + 111100111000100?
111100111000010
In base 3, what is 101 - 2221002021?
-2221001220
In base 14, what is -1 + 4843?
4842
In base 2, what is -101 + 1110101100010?
1110101011101
In base 14, what is 7 - -b378?
b381
In base 9, what is -15 + 82121?
82105
In base 4, what is -1030 - 122101210?
-122102300
In base 4, what is 1210213320 - 2?
1210213312
In base 4, what is -231100 + -3230?
-300330
In base 10, what is 4 - 56645?
-56641
In base 15, what is -1da0b - 4?
-1da10
In base 7, what is -551 + 150?
-401
In base 7, what is 2 - 44511?
-44506
In base 10, what is 1 + 24568?
24569
In base 3, what is -10221102 - 20?
-10221122
In base 11, what is 56 - -1089?
1134
In base 15, what is -2178 + -14?
-218c
In base 13, what is -3 + 103ba?
103b7
In base 7, what is 21005 - 2?
21003
In base 7, what is 254 + 53?
340
In base 8, what is 70 - 45054?
-44764
In base 14, what is 17 + -d6b?
-d54
In base 14, what is -2 + 44856?
44854
In base 7, what is -35402 + 20?
-35352
In base 2, what is -11000 - 100001000110?
-100001011110
In base 8, what is 315034 - -4?
315040
In base 12, what is -22 + 3a2?
380
In base 16, what is 5 - -23225?
2322a
In base 10, what is -2 - -10?
8
In base 14, what is -21297 + 4?
-21293
In base 9, what is 43 + -8777?
-8734
In base 11, what is 39 + -2744?
-2706
In base 6, what is -535 + 2532?
1553
In base 2, what is -11 + -101110010101001101?
-101110010101010000
In base 10, what is 3 - 49719?
-49716
In base 4, what is -32232030 - -2?
-32232022
In base 13, what is 186 - -ca?
283
In base 12, what is 13367 - 4?
13363
In base 14, what is 6 - -9dc75?
9dc7b
In base 16, what is 3 - -17b7c?
17b7f
In base 10, what is -5 + -288?
-293
In base 12, what is -13808 - 0?
-13808
In base 2, what is -101011111 - 1110001?
-111010000
In base 9, what is -60 - 1262?
-1332
In base 3, what is -20020111